239407 composite?
False
Is 2461115831 composite?
False
Is 129869282617 a composite number?
False
Is 37801474 a prime number?
False
Is 68389047385 a prime number?
False
Is 2619788797 prime?
True
Is 78447433391 composite?
True
Is 12188130673 prime?
True
Is 2992259161 composite?
False
Is 1261123723 a prime number?
True
Is 6187775219 a prime number?
False
Is 5903739713 composite?
False
Is 91289602213 a prime number?
False
Is 849660593 a prime number?
False
Is 1171668341 a composite number?
True
Is 4333622519 a prime number?
True
Is 1648147751 composite?
False
Is 6128947679 a composite number?
False
Is 241638227 a composite number?
False
Is 3724339291 prime?
True
Is 575819393 a prime number?
False
Is 221662721459 a prime number?
True
Is 479569303 prime?
False
Is 1120773763 composite?
True
Is 1784749597 a composite number?
True
Is 2292063259 prime?
True
Is 450092899 composite?
True
Is 7054086103 composite?
False
Is 11433469511 a composite number?
False
Is 57487224761 a composite number?
False
Is 1475809121 prime?
False
Is 154747631 a composite number?
False
Is 8416533127 a prime number?
True
Is 1836486181 prime?
False
Is 1964180137 composite?
False
Is 1604945035 a prime number?
False
Is 1379998637 composite?
True
Is 2192526767 a prime number?
False
Is 6592056847 prime?
True
Is 119910144947 a prime number?
True
Is 164833307 a composite number?
False
Is 10924167409 a prime number?
True
Is 1117273523 a prime number?
True
Is 5427263507 prime?
False
Is 298845479 prime?
True
Is 1120988411 a prime number?
False
Is 4884082219 composite?
False
Is 1216062773 composite?
False
Is 320202437 prime?
True
Is 105220649891 prime?
False
Is 2702377997 composite?
True
Is 366702027 a prime number?
False
Is 3608402047 a composite number?
True
Is 5159147401 composite?
False
Is 2687921029 a composite number?
False
Is 516899707 a composite number?
True
Is 18003929561 prime?
False
Is 2067969853 prime?
True
Is 2743289 a composite number?
False
Is 11478602689 prime?
True
Is 858836089 prime?
True
Is 11824207267 prime?
False
Is 1524681133 composite?
False
Is 303966841 a composite number?
False
Is 2386568257 prime?
True
Is 17301932621 composite?
False
Is 3412867631 prime?
True
Is 47085536293 a composite number?
True
Is 45974660287 prime?
True
Is 1704446801 a prime number?
True
Is 7725189779 prime?
True
Is 5855468327 a prime number?
True
Is 43949294621 composite?
False
Is 7618237027 a composite number?
True
Is 37763971267 a prime number?
False
Is 106412043719 composite?
False
Is 278924499497 a composite number?
True
Is 442316989 a composite number?
False
Is 17210311693 composite?
False
Is 1639931147 prime?
True
Is 1077292621 prime?
True
Is 72525166793 composite?
False
Is 202530659 a prime number?
True
Is 4051742987 a prime number?
False
Is 8469241427 prime?
False
Is 874517593 prime?
True
Is 528789691 a prime number?
True
Is 18936556451 prime?
False
Is 94248229627 a prime number?
True
Is 388562271049 a composite number?
False
Is 25040891 a prime number?
False
Is 8279363369 a composite number?
False
Is 1750664651 a composite number?
False
Is 237253253 a prime number?
False
Is 3505702451 composite?
True
Is 2980559633 a prime number?
True
Is 6342440953 a composite number?
True
Is 26933077601 prime?
True
Is 16990947703 composite?
False
Is 1291550287 a composite number?
False
Is 322682299 composite?
False
Is 2208138151 composite?
False
Is 73635982873 composite?
False
Is 95543353 a composite number?
False
Is 2701792369 a composite number?
True
Is 4909007123 composite?
False
Is 7640657077 prime?
False
Is 1837348957 prime?
False
Is 7745031013 composite?
False
Is 4082481653 a composite number?
False
Is 41808561833 a prime number?
True
Is 678032009 a prime number?
False
Is 52111356551 a composite number?
False
Is 9426170519 prime?
False
Is 21044979902 a composite number?
True
Is 551850441 a prime number?
False
Is 3990211571 a composite number?
False
Is 101623199 a prime number?
False
Is 22434465979 a prime number?
False
Is 46931165899 a prime number?
False
Is 17181060418 prime?
False
Is 2472244143 a composite number?
True
Is 1081692959 composite?
False
Is 191613163 prime?
False
Is 3815626207 a composite number?
False
Is 810843751 prime?
False
Is 550193197 composite?
False
Is 19877866851 prime?
False
Is 1302246331 a composite number?
False
Is 86108704057 a prime number?
False
Is 6453729833 prime?
True
Is 35570426237 a prime number?
True
Is 272096977 a composite number?
False
Is 184278830563 prime?
True
Is 2698348241 a prime number?
False
Is 1727665 a composite number?
True
Is 7647671699 a prime number?
True
Is 7803241001 prime?
True
Is 31987065059 prime?
False
Is 127837091 composite?
False
Is 136923305 a prime number?
False
Is 576676829 a prime number?
True
Is 9029661649 prime?
True
Is 4455927107 a composite number?
True
Is 36389723 a composite number?
True
Is 54040438847 prime?
False
Is 135057821 composite?
True
Is 695611723 a composite number?
False
Is 610519607 composite?
True
Is 126726563371 a prime number?
True
Is 27632206471 a composite number?
False
Is 46639939 composite?
False
Is 568123063 composite?
False
Is 6010238341 a prime number?
False
Is 8569129603 a prime number?
True
Is 12763589599 composite?
True
Is 591505337 composite?
True
Is 212132509 prime?
False
Is 1429056289 prime?
True
Is 45393345211 composite?
True
Is 7798146713 a prime number?
False
Is 564646087 composite?
False
Is 5646353047 prime?
True
Is 4973922137 a prime number?
False
Is 48571643 a prime number?
True
Is 2871977963 a prime number?
False
Is 982889753 a composite number?
False
Is 1804664419 prime?
False
Is 328033787 a composite number?
False
Is 8428633883 a prime number?
True
Is 25117273591 a composite number?
True
Is 299443713 a composite number?
True
Is 58338897 composite?
True
Is 15721189993 a prime number?
True
Is 2074188587 prime?
False
Is 9572126059 a composite number?
False
Is 1823966593 a prime number?
False
Is 5700700051 a prime number?
True
Is 3727829557 a composite number?
False
Is 1867975061 prime?
False
Is 8899780369 prime?
True
Is 150244747 a composite number?
False
Is 43926808213 a prime number?
False
Is 2783732905 a composite number?
True
Is 47110351 prime?
False
Is 5408553749 composite?
False
Is 183922485302 prime?
False
Is 59471908633 composite?
False
Is 3826117853 a prime number?
True
Is 6116791403 a composite number?
True
Is 25161107 prime?
True
Is 11088020597 composite?
True
Is 39017969 a composite number?
False
Is 323222373731 a prime number?
True
Is 94774364053 prime?
False
Is 4540468717 composite?
False
Is 76234518391 a prime number?
False
Is 42530862203 composite?
False
Is 1500342071 a prime number?
True
Is 487732591 a composite number?
False
Is 20235594473 a composite number?
False
Is 2925094387 a composite number?
True
Is 37374599341 prime?
False
Is 33891943 composite?
False
Is 95929830691 composite?
True
Is 2280675359 composite?
False
Is 57386473 a prime number?
False
Is 2595604183 composite?
True
Is 2740637891 prime?
True
Is 63900966127 a prime number?
True
Is 28859081477 composite?
True
Is 69189971527 a composite number?
True
Is 179501981 a prime number?
True
Is 48569494157 a prime number?
True
Is 3764200801 composite?
True
Is 12744312271 a prime number?
True
Is 45141831489 prime?
False
Is 464185081 composite?
False
Is 9095093201 a prime number?
True
Is 81121663 composite?
True
Is 2279921353 prime?
True
Is 426711011 prime?
True
Is 7437323471 a prime number?
True
Is 1092346795 composite?
True
Is 3495329671 a composite number?
False
Is 1140353 composite?
False
Is 29801838799 a composite number?
True
Is 32138046829 a prime number?
False
Is 94881918473 a prime number?
False
Is 65135388917 a composite number?
False
Is 55469353949 a composite number?
False
Is 27481910941 a composite number?
True
Is 42908911 a prime number?
False
Is 3482913619 a prime number?
True
Is 2453617193 a prime number?
False
Is 1050035593 a prime number?
True
Is 7761831293 a prime number?
False
Is 728703683 a prime number?
True
Is 7917109259 a prime number?
False
Is 2665731151 composite?
True
Is 518094781 prime?
False
Is 11792103623 a composite number?
False
Is 374955469 composite?
True
Is 16403267 a prime number?
False
Is 74347628821 a prime number?
False
Is 4148001133 composite?
False
Is 5927298379 composite?
F